1 - -6)/(9/27). Let m(u) = -28*u - 2. Let h be m(-4). Is 8/f - h*-2 composite?
True
Let k(s) = 107*s**2 - 36 + 13 - 11*s + 74*s**2. Is k(-3) prime?
False
Is 3 + 337814 + 338/(-91) + (-8)/28 a prime number?
False
Let n = 6502 - -14197. Let h = -11080 + n. Is h a composite number?
False
Suppose 11*g = 10*g + 1256. Let i be (3 + -3 + (-2 - -3))*g. Suppose 3*k + 2*n = 755, -5*k - n = -0*k - i. Is k composite?
False
Let a be (2 + 10/7)/(2/(-42)). Is (16/a*-3)/((-4)/(-8382)) a prime number?
False
Suppose d - 6*d + 25 = 0. Suppose 2*m + d*q = -2*m - 5511, m - 4*q = -1404. Let t = -751 - m. Is t a composite number?
True
Let m(j) = -6*j**3 - 14*j**2 - 7*j - 5. Let z be m(-11). Let g = 30279 - z. Is g a prime number?
False
Let j(o) = 16*o - 8. Let s be j(0). Is 2/s*-8*(-5557)/(-2) a composite number?
False
Let n = 24379 - -37390. Is n a prime number?
False
Let d(w) = 105*w**2 - 26*w + 1742. Is d(29) composite?
False
Suppose 3*x = 2*x + 1, -1831 = -4*i + x. Suppose -3*u = -u - i. Suppose -4*c + 4*q + 939 + u = 0, 0 = -4*c - 3*q + 1189. Is c composite?
True
Let d(i) = -155*i + 265*i + 314*i**2 - 143*i + 1. Is d(6) prime?
False
Let h = -585378 - -1170883. Is h a composite number?
True
Suppose 0 = k - 3*x - 12, 3*x - 7 - 5 = -3*k. Let b be 1/((-4)/k + 1) + 3. Suppose b*q - 195 - 591 = 0. Is q prime?
True
Let i be -1*(-1 - (-6 + 5)). Suppose -18*f + 11*f + 21959 = i. Is f prime?
True
Let z(u) = -u**3 + 9*u**2 - 13*u + 5. Let v be z(8). Let j(h) = h**3 - 6*h**2 - 13*h + 6. Let a be j(9). Let y = v + a. Is y a prime number?
True
Let j be (241/2)/(2/(-8)). Let l be 290/(-725)*7730/(-4). Let r = l - j. Is r composite?
True
Let r = -26 - -30. Suppose 4*n = 24 - r. Is 1249/(3/n - 16/(-40)) a prime number?
True
Suppose -2*l + 31750 = 2*s, -23611 = -2*s + 3*l + 8149. Is s prime?
True
Let b be ((-5)/10)/((-2)/4296 + 0). Let h = b - -98. Suppose -h = -3*g + 1189. Is g a prime number?
True
Suppose 22*l = 19*l + 27. Suppose -r - 17505 = -4*w, -5*r + 6 = -l. Is w prime?
False
Suppose 37029331 = 234*j + 23*j. Is j prime?
False
Let x be (4 + (-14)/(-4))/(39/52). Suppose 0*s + x = 5*s, 0 = -3*a - 5*s + 7447. Is a a composite number?
True
Suppose -23*x + 21*x + 709906 = 2*f, -5*x = -3*f - 1774733. Is x prime?
False
Suppose 3*y - 5*y = 0. Suppose y = 2*d - 7638 + 1926. Let q = d - 677. Is q a prime number?
True
Suppose -10*o = -483364 - 159546. Is o prime?
False
Suppose -223840 = -o + 2*s + 12417, -3*o + 3*s + 708780 = 0. Is o prime?
False
Suppose 29 = 6*f + 5. Suppose -1843 = 3*b - 3*g - 8995, f*b + g = 9561. Is b composite?
False
Suppose -5*o + 3710 = 2*o. Let z = o - 277. Is z a prime number?
False
Let l(c) = c**3 - 9*c**2 + 2*c + 22. Let u be l(9). Suppose 2*z + 4*p - 486 - u = 0, 3*z = -4*p + 799. Suppose q - z = 6*d - d, 0 = q - d - 257. Is q composite?
True
Suppose 0 = -3*m + 4*c + 17216, 0 = 3*m + c - 19047 + 1826. Suppose m = -3*t + 10*t. Suppose -6*r + 1082 = -t. Is r a composite number?
False
Let q(r) = 26*r**3 - 18*r**2 + 28*r - 21. Let g be q(12). Suppose 10*f = f + g. Is f composite?
True
Let w = 1662 + -1537. Let y = 68 - 22. Let j = w - y. Is j a prime number?
True
Suppose 34*p - 1678157 = 4925357. Is p composite?
True
Suppose -3*m = -4*w - 34 + 90, -m = w - 7. Suppose -3939 = -w*q + 46760. Is q composite?
True
Let l = 184 + -46. Is 11600/6 - 322/l prime?
True
Let u be (-9)/(-15) + (-11)/(-5)*-2803. Let o = -2475 - u. Is o a prime number?
True
Suppose -2 + 5 = j. Suppose 0*q + q - 1520 = -4*m, j*m - 1159 = 4*q. Is m composite?
True
Let z = -33 - -28. Let s be 8682/(-4) + -5*z/50. Let k = -1431 - s. Is k a prime number?
True
Suppose -5*d = -5*o, 2*o + d + 5 = -2*d. Is o + 5815 + (1 - 9) composite?
True
Suppose -416*g - 3260968 = -286*g - 38985878. Is g composite?
True
Suppose -4*q - 5*k - 7 = 1, -10 = -2*q + k. Let x be (-1)/5 - (-66)/30. Suppose -x*j + q*j - 497 = 0. Is j prime?
False
Suppose 6600 = 22*n - 32*n. Is (n/(-6) - 1)*53 composite?
True
Let u(o) = 1346*o + 2947. Is u(35) a composite number?
True
Suppose -91*v = -111*v + 748060. Is v composite?
True
Let x(m) = m**2 + 24*m + 34. Let z be x(-10). Let l = -106 - z. Suppose -3*p + 4*h = -4521, l = 5*p - 2*h - 2747 - 4788. Is p prime?
False
Suppose 2*r = -r - 15, 3*r + 110624 = z. Is z a composite number?
False
Let d = 315 - 320. Is (447/(-10) + (-1)/d)*-178 prime?
False
Suppose -5*q + 119889 = -4*f, -4*q + 37*f + 95905 = 40*f. Is q a composite number?
False
Let t(k) = 2*k**3 + 16*k**2 + 7*k + 6. Let a be t(-7). Suppose 5*n - 4*s - a = 0, 3*n = n - 2*s + 4. Suppose -5*i = -n*i + 7418. Is i composite?
False
Suppose 0 = -167*n + 179*n - 3399204. Is n prime?
True
Let a(b) = -29*b**3 - 5*b**2 - 5*b + 1. Let i be 24/(-84) - (-24)/(-14). Is a(i) a composite number?
False
Is (-1)/((-239250)/59810 - -4) prime?
True
Let r(d) be the third derivative of 77*d**6/60 - d**5/6 - d**4/12 - 11*d**3/6 + d**2 + 10*d. Is r(5) a prime number?
True
Let j be (-3)/(-4)*-2*(-2 - 2). Suppose 8*h - 8 = j*h. Suppose h*t + 120 - 508 = 0. Is t prime?
True
Suppose -7*m = -b - 5*m + 1450597, -4*m + 5802340 = 4*b. Is b a composite number?
True
Let x(z) = -1063*z - 31. Suppose 16 = -4*j - u - 13, 3*j + 5*u + 43 = 0. Is x(j) a prime number?
False
Let h be 69594/56 + 2/8. Let l be (-4)/6 - h/(-33). Is 1 - l/((-1)/(-20)*-2) prime?
False
Let p be (-1 + -4 + 4)*-9489. Let n = p + 638. Let w = n - 5634. Is w a composite number?
False
Let u = -282008 - -425409. Is u prime?
True
Let t(p) = -2*p - 72. Let w be t(-32). Is (-1 + 0 - -1030) + (-16)/w a prime number?
True
Let h be (19404/110)/(4/310). Is h/7 - 4/1 a composite number?
False
Suppose -3961165 = -78*b + 3827993. Is b composite?
True
Let k(n) = -n**3 - 8*n**2 + 2. Let g be k(-8). Suppose -g*j = -8*j - 2*j. Is ((0 - -1) + j)/(11/61501) a composite number?
False
Suppose -5*h - 14*g = -11*g - 862397, -2*h - 4*g = -344970. Is h prime?
False
Let q(h) = 440*h**2 - 6*h + 14. Let j be q(-5). Suppose 0 = -4*c + i + j - 3151, 5*c - i - 9866 = 0. Is c prime?
True
Suppose -r + 24311 = -4*y, -42*r + y = -45*r + 72855. Is r a prime number?
False
Suppose 0 = 22*u + 71495 - 4573597. Is u a composite number?
False
Is 903423/4*(6/(-60) - 1892/(-1320)) prime?
True
Suppose -2*j = -7*j - 0*j. Suppose j*w = -4*w + 85236. Is w composite?
True
Suppose -8 = 2*q - 44. Let o be 6/q + (-2)/6. Suppose -2*s - 4*s + 2454 = o. Is s prime?
True
Let x be 4/(-6)*51*6145/(-10). Suppose -x = -12*l - 5*l. Is l composite?
False
Suppose r - 5*o = -15 + 25, -4*r = 2*o - 18. Suppose 0 = -4*c - 8, r*z + 0*c - 19199 = 2*c. Is z prime?
False
Suppose -3*c = 25 - 439. Suppose 5*o + c = 3*m, 0*o + o + 44 = m. Let l = m + -18. Is l a composite number?
False
Let d(x) = -2*x**2 + 9*x - 12. Let h be d(4). Is h + 3114 - (18/(-2))/3 a prime number?
True
Let d(f) be the third derivative of -f**6/60 - 9*f**5/20 - 31*f**4/24 + 31*f**3/6 + 2*f**2 + 6*f. Is d(-22) composite?
False
Let y be -2276*(-5)/(-10)*-1. Suppose 3*x = 872 + y. Suppose p - x = -p. Is p a prime number?
False
Suppose 3*n = a - 21794, -11*a + 109024 = -6*a + 3*n. Is a a prime number?
True
Let j be 17 - -4*12/(-16). Let m(k) = -9 - 6 - j + 10 - 16*k. Is m(-6) a prime number?
False
Suppose 19*q + 27*q - 18729364 = -30*q. Is q composite?
False
Let j(s) = -101*s**2 + 22*s - 6. Let n be j(6). Let f = 2101 + n. Is (4 + -2)*f/2*-1 a prime number?
True
Let f(o) = -11303*o + 5134. Is f(-15) composite?
False
Suppose 12*z + 107832 = j + 13*z, -2*z = 3*j - 323501. Is j a composite number?
False
Let k be (1 - 2)*(-7 + 3). Suppose -f + 1 = -k. Is 150*1 + -6 + f a composite number?
False
Let x = 113695 - 53392. Is x prime?
False
Let w(g) = 134*g**3 + 3*g + 7. Let l = -24 + 17. Let r(z) = 402*z**3 + 10*z + 22. Let t(q) = l*w(q) + 2*r(q). Is t(-2) prime?
True
Let o = 537261 + -177166. Is o prime?
False
Is (5 - (-12)/(-1)) + 0 + 6474 a prime number?
False
Suppose 4*i - 36 = -20. Suppose 0 = -l + i*l. Suppose 4*r - f - 445 = l, -r - f + 68 = -42. Is r composite?
True
Suppose -4*u + 168505 = 5*s, 2*u - 84215 = 6*s - s. Suppose w - c = -w + 16848, 5*w - u = -3*c. Let p = -3853 + w. Is p a prime number?
False
Suppose 4*o - 83 = 3*g, 5*g - 4*o = 21 - 170. Let x be (-6)/g + (-44142)/(-66). Let v = -200 + x. Is v a prime number?
False
Is (-9278)/((-384)/176 - (-1)/((-1)/(-2))) composite?
True
Suppos